 when 412454 is divided by 82416.
374
Calculate the remainder when 90192289 is divided by 1717.
1713
What is the remainder when 2204129 is divided by 327?
149
What is the remainder when 4467448 is divided by 194231?
135
Calculate the remainder when 4085418 is divided by 371392.
106
What is the remainder when 31633003 is divided by 35463?
7
Calculate the remainder when 7864504 is divided by 442.
440
What is the remainder when 1344090 is divided by 31985?
720
What is the remainder when 503799 is divided by 3730?
249
What is the remainder when 33142 is divided by 391?
298
What is the remainder when 16688465 is divided by 1043029?
1
What is the remainder when 15378 is divided by 3708?
546
What is the remainder when 12981983 is divided by 447654?
17
What is the remainder when 85146 is divided by 182?
152
What is the remainder when 20782316 is divided by 222?
8
Calculate the remainder when 139812 is divided by 472.
100
What is the remainder when 4386102 is divided by 1278?
6
What is the remainder when 894135 is divided by 27940?
55
Calculate the remainder when 61421 is divided by 1809.
1724
What is the remainder when 110415268 is divided by 444?
16
Calculate the remainder when 832155 is divided by 224.
219
Calculate the remainder when 19191 is divided by 4353.
1779
Calculate the remainder when 91852 is divided by 726.
376
What is the remainder when 3497117 is divided by 44?
41
What is the remainder when 90493745 is divided by 807?
800
What is the remainder when 41291 is divided by 4119?
101
Calculate the remainder when 70564 is divided by 200.
164
Calculate the remainder when 766123 is divided by 110.
83
What is the remainder when 19950046 is divided by 64?
30
Calculate the remainder when 226431 is divided by 1986.
27
Calculate the remainder when 3938760 is divided by 2332.
12
What is the remainder when 996253 is divided by 45278?
137
Calculate the remainder when 9081585 is divided by 4540765.
55
What is the remainder when 113434 is divided by 113124?
310
What is the remainder when 365218 is divided by 747?
682
Calculate the remainder when 19668948 is divided by 3278144.
84
Calculate the remainder when 260753 is divided by 260732.
21
What is the remainder when 30662940 is divided by 1608?
1596
What is the remainder when 24534571 is divided by 3066820?
11
What is the remainder when 713583 is divided by 15512?
31
What is the remainder when 46402738 is divided by 18341?
8
Calculate the remainder when 572059 is divided by 142710.
1219
What is the remainder when 48286765 is divided by 1177725?
40
What is the remainder when 3479355 is divided by 3478?
1355
What is the remainder when 32717128 is divided by 21?
10
Calculate the remainder when 589850 is divided by 49149.
62
Calculate the remainder when 6710284 is divided by 31652.
60
What is the remainder when 21308660 is divided by 239423?
13
Calculate the remainder when 17138743 is divided by 838.
805
Calculate the remainder when 1293531 is divided by 1605.
1506
Calculate the remainder when 5415544 is divided by 82.
18
Calculate the remainder when 34964 is divided by 8413.
1312
Calculate the remainder when 4305675 is divided by 10900.
175
What is the remainder when 8347666 is divided by 32481?
49
Calculate the remainder when 261613 is divided by 130469.
675
What is the remainder when 609111 is divided by 50?
11
Calculate the remainder when 3894725 is divided by 146.
29
Calculate the remainder when 4933601 is divided by 704799.
8
Calculate the remainder when 3321324 is divided by 24786.
0
What is the remainder when 6960838 is divided by 284?
282
What is the remainder when 6578949 is divided by 1315789?
4
What is the remainder when 225534 is divided by 56374?
38
What is the remainder when 13302384 is divided by 4383?
4362
Calculate the remainder when 4937057 is divided by 1046.
983
Calculate the remainder when 12884413 is divided by 93.
7
What is the remainder when 26958773 is divided by 26958772?
1
Calculate the remainder when 52356137 is divided by 51.
47
Calculate the remainder when 14025437 is divided by 249.
14
Calculate the remainder when 189003 is divided by 36179.
8108
Calculate the remainder when 3616014 is divided by 3615930.
84
What is the remainder when 1007450 is divided by 1233?
89
What is the remainder when 6711597 is divided by 8379?
18
Calculate the remainder when 109486 is divided by 26886.
1942
What is the remainder when 98328200 is divided by 98?
96
What is the remainder when 175557 is divided by 2975?
32
Calculate the remainder when 22666124 is divided by 73.
62
Calculate the remainder when 442438 is divided by 187.
183
What is the remainder when 297467 is divided by 16605?
15182
Calculate the remainder when 6133898 is divided by 3157.
3004
Calculate the remainder when 237979 is divided by 237959.
20
What is the remainder when 1094728 is divided by 3911?
3559
Calculate the remainder when 24896022 is divided by 8298643.
93
Calculate the remainder when 13290350 is divided by 13290331.
19
Calculate the remainder when 14596424 is divided by 34.
20
What is the remainder when 2042506 is divided by 2375?
6
What is the remainder when 734652 is divided by 56384?
1660
Calculate the remainder when 553092 is divided by 2095.
12
What is the remainder when 12838405 is divided by 130?
125
Calculate the remainder when 1186516 is divided by 3147.
97
Calculate the remainder when 9166741 is divided by 28.
17
Calculate the remainder when 34730 is divided by 242.
124
What is the remainder when 3119 is divided by 514?
35
Calculate the remainder when 699779 is divided by 877.
810
Calculate the remainder when 23738 is divided by 227.
130
Calculate the remainder when 138918 is divided by 2317.
2215
What is the remainder when 23740751 is divided by 1379?
1266
Calculate the remainder when 1110997 is divided by 277719.
121
What is the remainder when 25274 is divided by 4161?
308
What is the remainder when 299889 is divided by 14916?
1569
Calculate the remainder when 37253 is divided by 700.
153
Calculate the remainder when 13918900 is divided by 103.
98
Calculate the remainder when 4663880 is divided by 202759.
423
Calculate the remainder when 35991 is divided by 35852.
139
Calculate the remainder when 3315796 is divided by 59.
55
Calculate the remainder when 225652363 is divided by 921.
916
What is the remainder when 1393796 is divided by 696804?
188
What is the remainder when 323424118 is divided by 1545?
1543
What is the remainder when 692144 is divided by 692134?
10
Calculate the remainder when 78033 is divided by 1626.
1611
Calculate the remainder when 39642747 is divided by 150.
147
Calculate the remainder when 652751 is divided by 37.
34
What is the remainder when 125034 is divided by 969?
33
Calculate the remainder when 84407 is divided by 16246.
3177
What is the remainder when 165671 is divided by 9313?
7350
What is the remainder when 440390 is divided by 38?
8
What is the remainder when 1139520 is divided by 1234?
538
Calculate the remainder when 87393 is divided by 1504.
161
What is the remainder when 2868704 is divided by 2868665?
39
Calculate the remainder when 135611978 is divided by 5.
3
What is the remainder when 132755 is divided by 3784?
315
Calculate the remainder when 127021990 is divided by 21.
4
What is the remainder when 487034 is divided by 1420?
1394
What is the remainder when 16533 is divided by 16506?
27
What is the remainder when 233939 is divided by 2502?
1253
Calculate the remainder when 25253 is divided by 258.
227
Calculate the remainder when 44414 is divided by 8.
6
Calculate the remainder when 927033 is divided by 1514.
465
Calculate the remainder when 2691452 is divided by 897148.
8
Calculate the remainder when 35736350 is divided by 2983.
10
Calculate the remainder when 112691 is divided by 56335.
21
Calculate the remainder when 76175 is divided by 241.
19
Calculate the remainder when 16009752 is divided by 973.
10
What is the remainder when 9949796 is divided by 429?
428
Calculate the remainder when 134434693 is divided by 67.
64
What is the remainder when 83035682 is divided by 53?
52
What is the remainder when 8918180 is divided by 1579?
1567
Calculate the remainder when 267898 is divided by 267416.
482
What is the remainder when 641953 is divided by 5681?
0
What is the r